4 - -3))) + -13?
-13
What is the value of (8 - (8 - 4)) + 8 - 8?
4
What is -31 + (1 - -30) + (-9 - 0)?
-9
What is the value of 2 + 4 - (-1 + 2 - 1) - 0?
6
Evaluate (-12 + 4 - 4) + 16 + (-6 - -10).
8
What is the value of -66 - -23 - -50 - (-1 + 14)?
-6
Calculate -139 + 165 + (-2 - (-3 - -3) - 6).
18
(-11 - (-13 - 3)) + -8 + -9
-12
What is (-4 - (-19 + 14)) + 12?
13
What is the value of (-3 - (-6 - -10) - -11) + 5?
9
Calculate 74 - 129 - (-33 - 0).
-22
Calculate 27 + -10 + 18 + -3.
32
Evaluate 9 + 4 + -4 + (-8 - -19 - 7).
13
Evaluate (-1 - (2 + -28)) + 43 + -50.
18
What is the value of 11 + -4 + -15 + 19 + (-9 - 1)?
1
Calculate -24 + 26 + (0 - 0) + -2 + -36.
-36
What is the value of -12 + -12 + 17 - 13?
-20
What is the value of (6 - 6) + -3 - (-5 + 10)?
-8
Calculate (1 + 10 - 3) + -17.
-9
What is 26 - (8 - (2 + 1 + 2 - 3))?
20
30 - 19 - (4 + -1)
8
What is -5 + -3 + 0 + 14 + -1 + -1?
4
What is 2 - (3 - (20 - 15))?
4
-69 + -12 + 8 + 32
-41
What is the value of -33 + -4 + 39 - (-1 + 9)?
-6
What is 20 + -31 + 20 - (1 + -1 + -4)?
13
Evaluate (59 - 20) + -35 - -1.
5
Calculate (-14 - -8) + -1 + 10.
3
Calculate 23 - (44 - -14 - 28).
-7
What is 4 + (8 - (-23 - -35))?
0
What is the value of (-11 - (10 + -5)) + -11 + 11?
-16
6 + -18 + (-25 - 12) + 21
-28
What is the value of (-2 - 19) + 12 + -4 + 13?
0
Calculate -10 + (0 - -9) + -3 + -5 - 5.
-14
Calculate (18 - (9 + -12)) + 2 + 0 + -4.
19
Calculate 9 + -10 + (2 - 3 - -5).
3
-9 + 6 + -5 + (-2 - (-3 + -1))
-6
What is the value of -8 - (0 - (-4 + -1 - (-15 - -7)))?
-5
What is the value of 20 + -28 - ((-7 - -5) + -14)?
8
Evaluate -16 + -1 + (-85 - -95).
-7
13 - (7 - (-9 + 10) - 4)
11
Calculate 13 - 3 - 5 - 15.
-10
Calculate -40 + -3 + (36 + -13 - 7).
-27
What is the value of -9 + 9 + (5 + -8 - 0) - -7?
4
What is -9 + 0 + 11 + (0 - (-2 - -16))?
-12
Evaluate (-10 - -19) + -18 - (-1 + 0 + 21).
-29
What is the value of 13 - 2 - ((10 - 41) + 38)?
4
What is the value of 6 - ((-3 - -8 - -2) + (11 - 15))?
3
Evaluate 3 + 1 + (-10 - (-18 + 8)) + 8.
12
Calculate (44 + -16 - 0) + -22.
6
What is -3 + (-19 - (-12 + -17))?
7
Calculate -12 + 0 + 11 - -6.
5
Calculate (-2 - (-10 - (8 - (-6 + 31)))) + 47.
38
Calculate 190 - 193 - (1 + -2 + -8 - 2).
8
Evaluate -307 - -306 - (2 - (-3 - 4)).
-10
What is the value of -12 + (17 - (15 + -14))?
4
What is the value of 22 + -41 - (-2 - -8) - 6?
-31
Evaluate -5764 - -5780 - (1 - -47 - 0).
-32
-1 + 6 + 0 + -12 + 0 - 0
-7
Evaluate (-12 - 2) + 6 + 3 + (-8 - 2).
-15
Evaluate 27 + 4 + -9 - 12.
10
What is -29 - (-3 + -29 + -11)?
14
Evaluate -18 + (6 - (1 - -2)) + 4.
-11
1344 + -1381 - (0 - 37)
0
What is the value of -2 - (-14 + 0) - 25?
-13
16 - (-11 - -30) - (9 - (2 + -1))
-11
-18 + (4 - -8) - (-1 - 7)
2
Evaluate -14 - (23 - -11 - 27).
-21
(12 - 7) + -1 + -8
-4
(-3 + 3 - (-6 + 6)) + (-19 - -35)
16
-5 + 5 + (10 - 3 - 16) + 19
10
-86 - -86 - (-8 - (2 - 2))
8
-9 - (-7 + (15 - 6))
-11
39 + -16 - (-21 + 14 + -1)
31
120 - 87 - (-4 - -51)
-14
Evaluate -28 + (-17 + 16 - ((-5 - -8) + 1)).
-33
What is the value of 13 - (-1 + -16) - 31?
-1
What is 19 - (24 - -30 - (16 - 4))?
-23
2 + -2 + -3 + 16 + -11
2
What is the value of -2 - (3 + -3) - (1 + (1 - 1))?
-3
Calculate 16 - (-1 - 2 - (35 - 42)).
12
1 + 24 + (13 - 17)
21
Calculate (5 - (2 + 3)) + -2 + 10 + -21.
-13
Evaluate (151 - 160) + 2 + -4 + (23 - 3).
9
What is the value of (-27 - -9 - -40) + 0?
22
(40 - 1 - -1) + (-51 - -20 - -24)
33
What is the value of -5 + 2 + (24 + -15 - 2 - -14)?
18
6 + -21 + 14 + (2 - 3)
-2
-9 - (-23 - ((1 - 10) + 8))
13
Evaluate 0 - (10 - (29 - (8 + 4))).
7
Evaluate 14 + (18 + -9 + 9 - 3).
29
Evaluate (-3 + 1 + 6 - -4) + 1 + -27.
-18
Calculate -22 - (10 - 9 - 17 - -8).
-14
What is 6 + -1 + 3 - (-15 + 6 + 24)?
-7
-11 + (7 - (3 + -5)) - (10 - -9)
-21
What is (-6 - 1) + -1 + (51 - 57)?
-14
Calculate (-5 - -2 - 8) + (-51 - -59) - 23.
-26
42 - (21 + -19 - -10)
30
What is -17 - (-2 - (7 + -18 + (0 - -7)))?
-19
What is -24 - ((41 + -28 - (10 + -2)) + -1)?
-28
What is 11 + -1 + 1 - (-214 + 229)?
-4
-10 + -12 + (15 + -28 - 0)
-35
-1 + 2 + (-7 - -8 - 18 - -9)
-7
What is -34 + 19 + 7 + -2 + 3 + -3?
-10
Calculate -12 + 9 - (0 + 0 + 3 + -2).
-4
What is the value of (-13 - -5 - -15) + -5 + (-2 - 5)?
-5
Calculate -46 + 52 + -35 + -3.
-32
Evaluate 56 - 70 - (-5 - -4).
-13
24 - 7 - (5 + -2)
14
Calculate -1 + 8 + -4 + -2.
1
Calculate (8 - -10 - 16) + -2 + 6.
6
What is the value of 14 - (17 - 19) - (-7 + 1) - 7?
15
What is the value of (0 - (7 - 4)) + (-49 - -36)?
-16
What is the value of (2 - 0 - -3) + -221 + 211?
-5
Evaluate -19 + 2 + -2 - -5.
-14
Evaluate (11 - -1) + 1 + -7 - 14.
-8
What is -22 + 14 + -5 + 27 + 3?
17
What is the value of 6 + (3 - 28) + 10?
-9
Evaluate -10 - 1 - (-5 - (-1 - (4 + 2))).
-13
What is the value of 8 + (-6 - 14) + 1 + (3 - 12)?
-20
What is the value of 12 - -2 - (-26 - (21 + -42))?
19
-1 + 13 - (13 - 34 - (29 + -46))
16
Evaluate 0 + -17 + -92 + 118.
9
What is 22 + -2 - (69 - 31 - -19)?
-37
Evaluate (4 - 1) + -9 + (86 - 91).
-11
What is 21 + (-11 - (-8 - (6 - 6)))?
18
Evaluate 3 - ((0 - (-6 - 0)) + -21).
18
What is the value of 24 - (33 + 32 + -25)?
-16
What is 3 + 11 + -18 + -2?
-6
What is -3 + 32 + (-5 - (-5 - -14) - -6)?
21
Evaluate 2068 + -2108 + -1 + 14.
-27
Evaluate (-10 - 0) + (2 - 2) - (235 + -239).
-6
What is 23 + -24 - (2 + -14)?
11
-37 + (45 - 42 - -25)
-9
What is -37 - 0 - (10 + (-19 - (2 + -1)))?
-27
Evaluate 1 - (-17 + 16 + 12).
-10
6 - (-1 - 4 - (-7 + 6 + -5))
5
Evaluate -1 + 4 + -2 - (22 + (-41 - -23)).
-3
Evaluate 41 - (1 - (1 + -10)).
31
What is the value of -4 + (-13 + 8 - (-5 + -21))?
17
12 - (1 - -8) - (-12 - -24)
-9
(-32 - -28) + 8 + 14
18
(1028 - 1037) + (-1 - 0) + 16 - 32
-26
What is 27 + 4 + 8 + (-7 - 10)?
22
-18 + 7 + 21 + -5
5
6 - 3 - (-9 + -2 + 1 + 4)
9
Evaluate 10 + 3 - (-16 + 26).
3
Evaluate -10 - (-11 + 10 + (-20 - -4)).
7
What is (-15 - -37) + -44 + 2?
-20
What is the value of -1 + (-7 - -2) + -5 - 9?
-20
Calculate 19 + -12 + (-3 - -10 - 29).
-15
Calculate 2 - 9 - (3 + -15) - -10.
15
What is the value of -3 + 1 + 9 + 14 + -16?
5
Calculate -42 + (7 - 1) + (-23 - -23) - -8.
-28
Calculate (-1 + -8 - (524 + -516)) + 8.
-9
Calculate (50 - 0) + (-31 - 10).
9
What is the value of (-19 - -9 - -6) + -1 + 3 + 1?
-1
Evaluate 1 + (14 - 8) - (-4 - -11).
0
Calculate (1434 - 1466) + (35 - 1).
2
Calculate 173 + -116 - (2 + 33).
22
Calculate -11 + (-1 - -23) + -4.
7
Calculate 7 - ((-5 - -2) + 1) - 5.
4
-30 + -14 + 4 + 6 + 16
-18
Calculate -9 + (-14 - (-38 - -20)).
-5
Evaluate -35 + -1 + 113 + -67.
10
What is the value of 13 + (-8 + 13 + -4 - 2) + 2?
14
(-104 - -107 - (-7 - 1)) + -1
10
What is the value of -8 - (6 + (8 - (5 + 11)))?
-6
Calculate -1 - ((-14 - -2) + (5 - 1)).
7
What is the value of -3 + ((-6 - -6) + -8 - 4)?
-15
What is 1019 - 1031 - (-2 + 1)?
-11
What is the value of -12 + -26 + 37 + -5 + 12?
6
What is -20 + -3 - (-130 + 104)?
3
What is 4 + 20 + -15 + 3 + -1?
11
-13 + (6 - (6 + 2))
-15
Calculate 12 - (9 - -11) - 2 - -19.
9
Calculate (191 - 198) + 2 + 0 - (14 - 4).
-15
What is the value of 3 + -2 + 3 + 0 - (-1 + -4)?
9
Evaluate -25 + (-17 - (12 + (-15 - 9) + 1)).
-31
What is (-19 - (-54 + -2)) + -38?
-1
Calculate 0 - 6 - (256 + -244).
-18
What is -7 - (4 + (-3 - 2) + -2) - 7?
-11
Evaluate -2 + (2 - 9) + 1 - (-353 + 355).
-10
What is -14 - (14 - (-4 + 6 + 13))?
-13
What is the value of -15 + (9 - (11 - (-9 - -17))) - -3?
-6
Evaluate 13 - (-3 + 1 - 9) - -3.
27
What is -8 + 10 + -5 + 1 + -6 + 17?
9
What is (0 - (-4 - (0 + -15))) + 7?
-4
-21 + 11 + (-19 - -18)
-11
Evaluate (-11 + -3 - -5) + (2 - 1) - -19.
11
What is -19 + 2 - ((4 - -49) + -73)?
3
What is 2 - -8 - (3 + 7 + -34 + 8)?
26
Evaluate -37 + (-35 - -59) + 22.
9
What is the value of 0 + ((-3 - -16) + -1 - (8 + 1))?
3
Calculate -40 + 21 + (-10 - -1).
-28
What is (5 + -11 - 1) + 9 + 2?
4
What is the value of 2 - (5 - (10 + -6 + 14 - 8))?
7
Evaluate -1 - -2 - (90 - 70).
-19
What is the value of 2 - (23 + -31 + -2)?
12
-53 + (-18 - -41) + 2
-28
What is the value of -12 + 3 + -4 + 23 + -3?
7
What is (35 - 18) + 11 + -34?
-6
-7 - (8 - (8 + (9 - -6)))
8
-5 - ((-1 - -4) + -1)
-7
What is the value of 11 + 7 - (6 - -16)?
-4
Calculate (4 + 2 - (9 + -8 - 0)) + -9.
-4
Calculate (-19 - -29) + 46 + -26 - (0 + -4).
34
Calculate 7 - 2 - (8 + -2 + -